{"id":31097,"date":"2023-11-09T15:14:34","date_gmt":"2023-11-09T14:14:34","guid":{"rendered":"https:\/\/www.atmos.eu\/udalost\/aquatherm\/"},"modified":"2024-06-12T08:17:19","modified_gmt":"2024-06-12T06:17:19","slug":"aquatherm","status":"publish","type":"event","link":"https:\/\/www.atmos.eu\/fr\/\u00e9v\u00e9nement\/aquatherm\/","title":{"rendered":"Aquatherm 2024"},"content":{"rendered":"<p style=\"text-align: justify;\"><span style=\"font-family: arial, helvetica, sans-serif;\">Salon international du chauffage, de la ventilation, de la climatisation, de la mesure, de la r\u00e9gulation, de la technologie sanitaire et \u00e9cologique.<\/span><\/p>\n<p style=\"text-align: justify;\"><span style=\"font-family: arial, helvetica, sans-serif;\">Le seul \u00e9v\u00e9nement exclusivement sp\u00e9cialis\u00e9 dans le domaine du TZB en R\u00e9publique tch\u00e8que avec la plus grande repr\u00e9sentation de fabricants nationaux et \u00e9trangers, d&rsquo;entreprises repr\u00e9sentatives et de fournisseurs de services.<\/span><\/p>\n<p style=\"text-align: justify;\"><span style=\"font-family: arial, helvetica, sans-serif;\">Aquatherm Praha<sup>\u00ae<\/sup> pr\u00e9sente une exposition compl\u00e8te d&rsquo;\u00e9quipements techniques pour les b\u00e2timents, de technologies environnementales et de technologies pour les b\u00e2timents publics et commerciaux \u00e9conomes en \u00e9nergie.<\/span><\/p>\n","protected":false},"excerpt":{"rendered":"<p>Salon international du chauffage, de la ventilation, de la climatisation, de la mesure, de la r\u00e9gulation, de la technologie sanitaire et \u00e9cologique. Le seul \u00e9v\u00e9nement exclusivement sp\u00e9cialis\u00e9 dans le domaine du TZB en R\u00e9publique tch\u00e8que avec la plus grande repr\u00e9sentation de fabricants nationaux et \u00e9trangers, d&rsquo;entreprises repr\u00e9sentatives et de fournisseurs de services. Aquatherm Praha\u00ae pr\u00e9sente&#8230;<\/p>\n","protected":false},"featured_media":29311,"menu_order":0,"template":"","class_list":["post-31097","event","type-event","status-publish","has-post-thumbnail","hentry","event-category-2024-fr"],"yoast_head":"<!-- This site is optimized with the Yoast SEO plugin v25.6 - https:\/\/yoast.com\/wordpress\/plugins\/seo\/ -->\n<title>Aquatherm 2024 - ATMOS<\/title>\n<meta name=\"robots\" content=\"index, follow, max-snippet:-1, max-image-preview:large, max-video-preview:-1\" \/>\n<link rel=\"canonical\" href=\"https:\/\/www.atmos.eu\/fr\/\u00e9v\u00e9nement\/aquatherm\/\" \/>\n<meta property=\"og:locale\" content=\"fr_FR\" \/>\n<meta property=\"og:type\" content=\"article\" \/>\n<meta property=\"og:title\" content=\"Aquatherm 2024 - ATMOS\" \/>\n<meta property=\"og:description\" content=\"Salon international du chauffage, de la ventilation, de la climatisation, de la mesure, de la r\u00e9gulation, de la technologie sanitaire et \u00e9cologique. Le seul \u00e9v\u00e9nement exclusivement sp\u00e9cialis\u00e9 dans le domaine du TZB en R\u00e9publique tch\u00e8que avec la plus grande repr\u00e9sentation de fabricants nationaux et \u00e9trangers, d&rsquo;entreprises repr\u00e9sentatives et de fournisseurs de services. Aquatherm Praha\u00ae pr\u00e9sente...\" \/>\n<meta property=\"og:url\" content=\"https:\/\/www.atmos.eu\/fr\/\u00e9v\u00e9nement\/aquatherm\/\" \/>\n<meta property=\"og:site_name\" content=\"ATMOS\" \/>\n<meta property=\"article:modified_time\" content=\"2024-06-12T06:17:19+00:00\" \/>\n<meta property=\"og:image\" content=\"https:\/\/www.atmos.eu\/wp-content\/uploads\/2023\/11\/at_praha_nove-kopie.jpg\" \/>\n\t<meta property=\"og:image:width\" content=\"328\" \/>\n\t<meta property=\"og:image:height\" content=\"200\" \/>\n\t<meta property=\"og:image:type\" content=\"image\/jpeg\" \/>\n<meta name=\"twitter:card\" content=\"summary_large_image\" \/>\n<meta name=\"twitter:label1\" content=\"Dur\u00e9e de lecture estim\u00e9e\" \/>\n\t<meta name=\"twitter:data1\" content=\"1 minute\" \/>\n<!-- \/ Yoast SEO plugin. -->","yoast_head_json":{"title":"Aquatherm 2024 - ATMOS","robots":{"index":"index","follow":"follow","max-snippet":"max-snippet:-1","max-image-preview":"max-image-preview:large","max-video-preview":"max-video-preview:-1"},"canonical":"https:\/\/www.atmos.eu\/fr\/\u00e9v\u00e9nement\/aquatherm\/","og_locale":"fr_FR","og_type":"article","og_title":"Aquatherm 2024 - ATMOS","og_description":"Salon international du chauffage, de la ventilation, de la climatisation, de la mesure, de la r\u00e9gulation, de la technologie sanitaire et \u00e9cologique. Le seul \u00e9v\u00e9nement exclusivement sp\u00e9cialis\u00e9 dans le domaine du TZB en R\u00e9publique tch\u00e8que avec la plus grande repr\u00e9sentation de fabricants nationaux et \u00e9trangers, d&rsquo;entreprises repr\u00e9sentatives et de fournisseurs de services. Aquatherm Praha\u00ae pr\u00e9sente...","og_url":"https:\/\/www.atmos.eu\/fr\/\u00e9v\u00e9nement\/aquatherm\/","og_site_name":"ATMOS","article_modified_time":"2024-06-12T06:17:19+00:00","og_image":[{"width":328,"height":200,"url":"https:\/\/www.atmos.eu\/wp-content\/uploads\/2023\/11\/at_praha_nove-kopie.jpg","type":"image\/jpeg"}],"twitter_card":"summary_large_image","twitter_misc":{"Dur\u00e9e de lecture estim\u00e9e":"1 minute"},"schema":{"@context":"https:\/\/schema.org","@graph":[{"@type":"WebPage","@id":"https:\/\/www.atmos.eu\/fr\/\u00e9v\u00e9nement\/aquatherm\/","url":"https:\/\/www.atmos.eu\/fr\/\u00e9v\u00e9nement\/aquatherm\/","name":"Aquatherm 2024 - ATMOS","isPartOf":{"@id":"https:\/\/www.atmos.eu\/fr\/#website"},"primaryImageOfPage":{"@id":"https:\/\/www.atmos.eu\/fr\/\u00e9v\u00e9nement\/aquatherm\/#primaryimage"},"image":{"@id":"https:\/\/www.atmos.eu\/fr\/\u00e9v\u00e9nement\/aquatherm\/#primaryimage"},"thumbnailUrl":"https:\/\/www.atmos.eu\/wp-content\/uploads\/2023\/11\/at_praha_nove-kopie.jpg","datePublished":"2023-11-09T14:14:34+00:00","dateModified":"2024-06-12T06:17:19+00:00","breadcrumb":{"@id":"https:\/\/www.atmos.eu\/fr\/\u00e9v\u00e9nement\/aquatherm\/#breadcrumb"},"inLanguage":"fr-FR","potentialAction":[{"@type":"ReadAction","target":["https:\/\/www.atmos.eu\/fr\/\u00e9v\u00e9nement\/aquatherm\/"]}]},{"@type":"ImageObject","inLanguage":"fr-FR","@id":"https:\/\/www.atmos.eu\/fr\/\u00e9v\u00e9nement\/aquatherm\/#primaryimage","url":"https:\/\/www.atmos.eu\/wp-content\/uploads\/2023\/11\/at_praha_nove-kopie.jpg","contentUrl":"https:\/\/www.atmos.eu\/wp-content\/uploads\/2023\/11\/at_praha_nove-kopie.jpg","width":328,"height":200},{"@type":"BreadcrumbList","@id":"https:\/\/www.atmos.eu\/fr\/\u00e9v\u00e9nement\/aquatherm\/#breadcrumb","itemListElement":[{"@type":"ListItem","position":1,"name":"Home","item":"https:\/\/www.atmos.eu\/fr\/"},{"@type":"ListItem","position":2,"name":"Aquatherm 2024"}]},{"@type":"WebSite","@id":"https:\/\/www.atmos.eu\/fr\/#website","url":"https:\/\/www.atmos.eu\/fr\/","name":"ATMOS","description":"ATMOS","potentialAction":[{"@type":"SearchAction","target":{"@type":"EntryPoint","urlTemplate":"https:\/\/www.atmos.eu\/fr\/?s={search_term_string}"},"query-input":{"@type":"PropertyValueSpecification","valueRequired":true,"valueName":"search_term_string"}}],"inLanguage":"fr-FR"}]}},"_links":{"self":[{"href":"https:\/\/www.atmos.eu\/fr\/wp-json\/wp\/v2\/event\/31097","targetHints":{"allow":["GET"]}}],"collection":[{"href":"https:\/\/www.atmos.eu\/fr\/wp-json\/wp\/v2\/event"}],"about":[{"href":"https:\/\/www.atmos.eu\/fr\/wp-json\/wp\/v2\/types\/event"}],"wp:featuredmedia":[{"embeddable":true,"href":"https:\/\/www.atmos.eu\/fr\/wp-json\/wp\/v2\/media\/29311"}],"wp:attachment":[{"href":"https:\/\/www.atmos.eu\/fr\/wp-json\/wp\/v2\/media?parent=31097"}],"curies":[{"name":"wp","href":"https:\/\/api.w.org\/{rel}","templated":true}]}}

https://www.atmos.eu/fr/événement/aquatherm/

<p style="text-align: justify;"><span style="font-family: arial, helvetica, sans-serif;">Salon international du chauffage, de la ventilation, de la climatisation, de la mesure, de la régulation, de la technologie sanitaire et écologique.</span></p>
<p style="text-align: justify;"><span style="font-family: arial, helvetica, sans-serif;">Le seul événement exclusivement spécialisé dans le domaine du TZB en République tchèque avec la plus grande représentation de fabricants nationaux et étrangers, d&rsquo;entreprises représentatives et de fournisseurs de services.</span></p>
<p style="text-align: justify;"><span style="font-family: arial, helvetica, sans-serif;">Aquatherm Praha<sup>®</sup> présente une exposition complète d&rsquo;équipements techniques pour les bâtiments, de technologies environnementales et de technologies pour les bâtiments publics et commerciaux économes en énergie.</span></p>

<p>Salon international du chauffage, de la ventilation, de la climatisation, de la mesure, de la régulation, de la technologie sanitaire et écologique. Le seul événement exclusivement spécialisé dans le domaine du TZB en République tchèque avec la plus grande représentation de fabricants nationaux et étrangers, d&rsquo;entreprises représentatives et de fournisseurs de services. Aquatherm Praha® présente&#8230;</p>

<!-- This site is optimized with the Yoast SEO plugin v25.6 - https://yoast.com/wordpress/plugins/seo/ -->
<title>Aquatherm 2024 - ATMOS</title>
<meta name="robots" content="index, follow, max-snippet:-1, max-image-preview:large, max-video-preview:-1" />
<link rel="canonical" href="https://www.atmos.eu/fr/événement/aquatherm/" />
<meta property="og:locale" content="fr_FR" />
<meta property="og:type" content="article" />
<meta property="og:title" content="Aquatherm 2024 - ATMOS" />
<meta property="og:description" content="Salon international du chauffage, de la ventilation, de la climatisation, de la mesure, de la régulation, de la technologie sanitaire et écologique. Le seul événement exclusivement spécialisé dans le domaine du TZB en République tchèque avec la plus grande représentation de fabricants nationaux et étrangers, d&rsquo;entreprises représentatives et de fournisseurs de services. Aquatherm Praha® présente..." />
<meta property="og:url" content="https://www.atmos.eu/fr/événement/aquatherm/" />
<meta property="og:site_name" content="ATMOS" />
<meta property="article:modified_time" content="2024-06-12T06:17:19+00:00" />
<meta property="og:image" content="https://www.atmos.eu/wp-content/uploads/2023/11/at_praha_nove-kopie.jpg" />
	<meta property="og:image:width" content="328" />
	<meta property="og:image:height" content="200" />
	<meta property="og:image:type" content="image/jpeg" />
<meta name="twitter:card" content="summary_large_image" />
<meta name="twitter:label1" content="Durée de lecture estimée" />
	<meta name="twitter:data1" content="1 minute" />
<!-- / Yoast SEO plugin. -->

Salon international du chauffage, de la ventilation, de la climatisation, de la mesure, de la régulation, de la technologie sanitaire et écologique. Le seul événement exclusivement spécialisé dans le domaine du TZB en République tchèque avec la plus grande représentation de fabricants nationaux et étrangers, d&rsquo;entreprises représentatives et de fournisseurs de services. Aquatherm Praha® présente...

https://www.atmos.eu/fr/événement/aquatherm/#primaryimage

https://www.atmos.eu/fr/événement/aquatherm/#breadcrumb
